) = -m**3 + m**2 - m - 8. What is t(h)?
-8
Let p(u) be the second derivative of -u**3/2 + 6*u**2 - u + 7. Calculate p(10).
-18
Let b(h) = -h**2 - 8*h - 5. Let t(g) = -42*g + 287. Let u be t(7). Calculate b(u).
2
Let a(g) be the first derivative of 2*g**4 - 2*g**3/3 - 2*g**2 + 3*g - 12. Let d(x) = -24*x**3 + 5*x**2 + 11*x - 8. Let b(c) = -8*a(c) - 3*d(c). Determine b(1).
8
Suppose 176*j - 184*j - 40 = 0. Let v(z) = -z**3 - 6*z**2 - 3*z + 3. Give v(j).
-7
Let a(v) = -9 - 6*v**2 + 6*v + v**3 - 2*v + 0*v + 0*v**3. Suppose -u - 13 = 3*y, 5*y = -u - 6 - 13. Let k be 3*-1 + (-27)/y. Determine a(k).
15
Suppose 0*h - 3*h = 0. Suppose -2*i = -h*i. Let w(f) = -f - 4 - 1 + 16 + 0 - f**2. What is w(i)?
11
Let v(z) = z**2 - 11*z + 4. Let l be v(11). Suppose -l = -t - 2. Let y(a) = -a**t + a - 2*a - a - 1. Calculate y(-1).
0
Let o(j) be the second derivative of 2*j**3/3 + 2*j**2 + j. Suppose 44*r + 123 = -9. What is o(r)?
-8
Let f(u) = u**3 - 13*u**2 + u - 17. Let h(g) = -g**3 - g**2 + 43*g + 20. Let x be h(-7). Determine f(x).
-4
Let l(a) = 2*a**2 + 2*a + 3. Let x(w) = 5*w**2 + 7*w + 8. Let i(f) = -8*l(f) + 3*x(f). Suppose 5*o + 33 = 4*y, o - 40 = -4*y - 13. Determine i(y).
-14
Let w(m) be the first derivative of -m**3/3 + 5*m**2/2 + m + 4. Suppose 2*a + 6 + 10 = 0. Let f = a + 12. Calculate w(f).
5
Let w(c) be the first derivative of 2*c**3/3 + 3*c**2/2 + 815. Suppose -5*m + 0*m - 10 = 0. What is w(m)?
2
Let d(p) be the second derivative of p**3/6 + 5*p**2/2 + 2*p + 35. Determine d(-8).
-3
Let p(v) = -v**3 + 5*v**2 + 2*v - 7. Suppose -6*c = 16 - 46. What is p(c)?
3
Suppose -3*a - 13 = 5*j + 10, 3*j = -3*a - 15. Let i be j + (-1 - -9) + -5. Let f(m) = -5*m - 3 + 1 + 1. What is f(i)?
4
Let q(l) = -4*l + 14. Let k be q(8). Let t(i) = -i - 19. Determine t(k).
-1
Let j(g) be the second derivative of -g**4/12 + 3*g**2/2 + 38*g + 2. Let q = 13 - 9. Determine j(q).
-13
Suppose -2*h - 2*i - 3 + 15 = 0, -i = -5*h + 6. Let o(m) = -31*m + 2 + 32*m + h. Let b = 8 + -13. Give o(b).
-1
Let c(p) be the third derivative of -p**6/120 - p**5/60 + p**4/8 - 2*p**3/3 + 19*p**2. Let x be 16/4 - 3 - 4. What is c(x)?
5
Let l(c) be the first derivative of -c**2/2 + 5*c + 53. Let r(b) = -2*b + 10. Let n be r(7). Let h = 8 + n. Give l(h).
1
Let x(n) = -n**3 - 10*n**2 + 24*n + 6. Let i(p) = -3*p**3 - 19*p**2 + 50*p + 14. Let q(z) = -2*i(z) + 5*x(z). What is q(10)?
2
Let l(b) = 5*b - 5. Let w(p) = -p + 1. Let z(a) = -l(a) - 6*w(a). Let s = 26 - 19. Let o(i) = -i**2 + 4*i + 15. Let f be o(s). Give z(f).
-7
Let x(n) = 7*n**3 - 2*n**2 - 2*n - 1. Let o(t) = -t**3 + 0*t - t - 11*t**2 - 1 - 3 + 16*t**2. Let g be o(4). Let s = g - 9. Determine x(s).
-8
Let a(h) = h + 6. Let y(c) = 7*c + 3. Let d be y(-3). Let j = 38 + d. Suppose x = -5*o - j, x + x - 4*o - 2 = 0. What is a(x)?
1
Suppose -158 = -91*y + 12*y. Let d(m) = -5*m**3 + 26*m**2 + 6*m + 16. Let h(o) = o**3 - 5*o**2 - o - 3. Let u(b) = 2*d(b) + 11*h(b). What is u(y)?
-3
Let z(a) = 152*a**2 + 160*a**2 - 2*a - 313*a**2 + 1. Suppose 2*f = u + 3 + 6, 3*f = 5*u + 17. Let l(v) = v - 6. Let r be l(f). Calculate z(r).
1
Let n(t) = t + 0 - 1 - 3*t - 2*t. Let f = 5 - 0. Let g(j) = -j**2 + 6*j - 7. Let k be g(f). Calculate n(k).
7
Let x(q) = q + 9. Let l(v) be the second derivative of -v**3/6 + 3*v**2/2 - 9*v. Let o be l(10). What is x(o)?
2
Let w be 146/584 - (-33)/(-4). Let o(l) be the first derivative of -l**2/2 + 2*l + 1. Calculate o(w).
10
Let u(r) = -6*r + 18. Let k be u(6). Let g(d) = 16*d**3 + d**2. Let q be g(-1). Let b = k - q. Let z(w) = w**3 + 5*w**2 + 2*w - 4. Give z(b).
8
Let p(u) be the third derivative of u**4/24 + u**3 + 10*u**2 + 2*u. Determine p(-6).
0
Let h(i) be the third derivative of 7*i**4/24 + 7*i**3/6 + i**2 - 24*i. What is h(-2)?
-7
Let f(n) = -n**2 - 6 - 5*n - 4 - 11*n. Determine f(-11).
45
Let u(p) be the first derivative of -p**3/3 + 9*p**2/2 - 8*p - 242. Give u(9).
-8
Let b(s) = 9*s - 21 + 11 + 18 + s**2 + 0*s**2. Determine b(-12).
44
Let g(y) be the second derivative of -1/12*y**4 + y**2 - 1/3*y**3 - 11*y + 0. Determine g(2).
-6
Suppose -4*t - 259 = -a - 2*a, -4*a - t = -358. Suppose 5*j = -94 + a. Let y(s) be the first derivative of 5*s**3/3 + s**2/2 - 3. Determine y(j).
4
Let h(j) = j**2 - 18. Let g(k) = 7*k - 133. Let l be g(19). Determine h(l).
-18
Let b(x) be the second derivative of -x**5/20 - 3*x**4/2 - 5*x**3/2 + 12*x**2 + 142*x. Calculate b(-17).
-10
Suppose -3*b = 6*b - 594. Let z = b - 65. Let l(d) = d**2 + d + 5. Let k(n) = -2*n**2 - 2*n - 11. Let u(s) = -6*k(s) - 13*l(s). Calculate u(z).
-1
Let w(n) be the second derivative of -n**3/6 - 2*n**2 + n. Suppose -11*m - 68 = 6*m. Give w(m).
0
Let b(m) = -17*m - 2*m**3 + 19*m + m**3 - 2*m**2 + 2. Suppose 2 = -4*h + 5*h. Let k be 49/(-21) + h/(-3). Give b(k).
5
Let y(n) be the first derivative of -n**4/4 - 3*n**3 - 4*n**2 + 5*n + 3. Let x be 4/(2*(-2)/8). Let f be y(x). Let g(o) = o**2 - 8*o + 7. What is g(f)?
-8
Let u(q) = q**2. Let h(j) = 7*j**2 + j - 6. Let s(a) = h(a) - 4*u(a). Let z be s(0). Let k(n) = n + 4. Give k(z).
-2
Let d(c) be the first derivative of c**2 + 59. What is d(1)?
2
Let p(c) = -2*c**2 + 2. Let y(d) = 2*d**2 + d - 1. Let h(m) = p(m) + 2*y(m). Suppose 5*i + 20 = -5*j, 2*i = -3*i + 2*j - 6. Determine h(i).
4
Suppose -4*d - 5 = -i, 0 = 7*d - 2*d - 4*i + 9. Suppose 13*l - 38 = 1. Let v(q) = l - 8 - 5*q + 14*q + 4. Calculate v(d).
-10
Suppose -3*t + 0 = 12. Let l(r) = -r**3 - 3*r**2 + r - 5. Calculate l(t).
7
Suppose 14 = -5*h + 24. Let v(d) be the third derivative of 7*d**h + 0 + 0*d + 2/3*d**3 - 1/8*d**4. Give v(3).
-5
Let l(d) be the second derivative of d**4/12 + 4*d**3/3 + d. Let t be (3 + 73 - -2)*5/3. Let z be (-89)/13 + (-4)/t*5. Determine l(z).
-7
Let c(j) = -5*j**3 + 2*j**2 - j - 4. Let u be ((-30)/(-8))/((-3)/(-8)). Let a = u + -6. Let k(l) = -4*l**3 + l**2 - 4. Let x(m) = a*k(m) - 3*c(m). Give x(-3).
-4
Suppose -3*j + 6 = -2*u - 3*u, -j + 4*u + 2 = 0. Let i(q) = 8*q + 9 - 2 + q**3 - 5*q**2 - 1 - j*q**3. Determine i(-6).
-6
Let q be -4 - (-1)/((-4)/(-36)). Suppose -20 = -q*c + c. Let w(y) be the first derivative of -y**2/2 + 2*y + 4. Calculate w(c).
-3
Let j(g) = -g - 9. Let v(k) = -2*k**2 - 49*k - 59. Let o be v(-23). Determine j(o).
-19
Suppose 12 = 2*b - 2. Let m be 2 - (b + (-4 - -2)). Let v(g) = -g**2. Let q(o) = o**3 - 3*o**2 - 3*o + 2. Let z(p) = -q(p) + 4*v(p). Calculate z(m).
7
Let t(z) be the first derivative of z**4/24 + z**3/2 - z**2/2 - 16. Let p(w) be the second derivative of t(w). Give p(0).
3
Let p(j) be the second derivative of j**8/1344 + j**7/2520 - j**6/360 + j**5/120 - 5*j**4/6 + 45*j. Let f(r) be the third derivative of p(r). Give f(1).
5
Suppose 2*m + 19 = -5*v, -9*m + 14*m = -4*v - 5. Let c(n) = 8*n - 10. Calculate c(m).
14
Let n(a) = -9*a + 6 - 2 + 10*a - 8 - 4. Give n(-9).
-17
Suppose -5*t + 5*r + 10 = 0, 5*t + 3*r - 51 = -57. Let y(m) = m - 23. Give y(t).
-23
Let c(g) be the third derivative of g**5/120 + 5*g**4/24 - 25*g**3/6 - 11*g**2. Let m(z) be the first derivative of c(z). Determine m(-4).
1
Let s(a) be the first derivative of -a**6/360 + a**5/15 - 17*a**3/3 - 19. Let u(d) be the third derivative of s(d). Calculate u(8).
0
Let i(f) = f**2 - 5*f - 3. Let a be i(6). Let w be -1 + 9/(-3) + 19. Suppose 4*x - a*y + 3 = 2*y, -2*y = 3*x - w. Let h(m) = m**2 - m - 1. What is h(x)?
5
Let z be (-3)/(-1 - (-13)/10). Let m be 2/z + 30/25. Let d(y) = -y**3. Let t(j) = 5*j**3 + j**2 - 2*j + 1. Let a(l) = -4*d(l) + t(l). What is a(m)?
9
Let n = -238 - -240. Let a(s) be the first derivative of -s**3 - 1/4*s**4 - 3*s + 4 + 1/2*s**n. Calculate a(-3).
-6
Let w = -34 + 16. Let i be ((-120)/(-9))/((-3)/w). Let f(y) = -i*y**2 + 35*y**2 - 9 + 44*y**2. Calculate f(0).
-9
Let k(i) = i**2 + 3*i - 1. Let j be (162/189)/((-3)/(-70)). Suppose 5*m + 4*c - 29 = 2*m, 0 = 2*m - 2*c + 4. Suppose -r - j = m*r. Determine k(r).
9
Let r be (0/19)/(3 + 0). Suppose 2*i + 4*l = 2, 5*i + 5*l - 10 + 5 = r. Let a(u) = -u**2 + 0 + 2*u**2 - 1 - 4*u**3. Calculate a(i).
-4
Suppose 227 = 10*u + 187. Let i(t) = -4*t - 3 + t + 8*t - t**2. Determine i(u).
1
Let c(a) = -a + 2. Let g be (0 - 2)*2/(-2). Let y be (-2 - 28)*1/(-3). Suppose y = g*z + 4. Give c(z).
-1
Let b(z) = 3*z**2 + 14*z - 4. Let q(h) = 2*h**2 + 14*h - 5. Let a(u) = 3*b(u) - 4*q(u)